e 8 - ((-5 - 0) + (-4 - -4) - (-14 - 14)).
-15
Evaluate 83 - (-35 - (8 + -84)).
42
-26 - 3 - -52 - 53
-30
-169 - (102 + -208) - (1 - (1 + 1))
-62
What is -20 - (-27 - 11) - 55?
-37
What is the value of (169 - (36 - -33)) + -33?
67
What is the value of 52 + -132 + 67 + (106 + -1 - 2)?
90
What is (-41 - -39) + -1 - (5 - 2 - 38)?
32
Evaluate (25 - -7) + -40 + 6 + -3 + 13.
8
Calculate 59 + -50 + (-8 - 35).
-34
What is the value of 1 + 2 - (46 + -19 - 18) - -41?
35
Evaluate 13 + -35 + -59 + 43.
-38
What is the value of -46 - (-93 - (7 - 72))?
-18
What is the value of -33 + (19 - 74) + -4?
-92
-46 - (5 - 10 - 3 - (1 - 22))
-59
What is the value of 1 + -13 - (-30 + (28 - -26 - 3) + -34)?
1
Evaluate (-50 - (-2 + 97)) + 41.
-104
What is the value of -3 - (14 + -1) - (2168 - 2060)?
-124
Calculate -8 + (-91 - ((23 - 17) + -32)).
-73
Evaluate (110 - 1 - 2) + 46 + (-5 + 12 - 42).
118
Evaluate -5 - (-35 + -50 - -27).
53
What is 515 + -560 - (-1 + 4 - -1)?
-49
What is the value of -34 - ((0 - -21) + (-907 - -919))?
-67
13 + -4 + (-26 - (-21 + 10)) - -24
18
What is 34 + -6 + 20 + -38 + 10?
20
What is 70 - (47 + -70 - -145)?
-52
71 + -10 + -14 + 4 - (2 - 6)
55
Evaluate (-1 - -26) + -226 + 65 + 124.
-12
What is -229 - -241 - (11 - 0) - (1 - (-19 + -3))?
-22
What is the value of 5 + (-43 + 54 - (10 + -1 + -9 + 8))?
8
What is 7 - (-4 + 8 + -1) - 39?
-35
Calculate -655 - -704 - (-17 + 74).
-8
What is 78 + (-5 - -49 - 152)?
-30
What is the value of 4 + 1 - ((81 - 188) + 111)?
1
What is (-15 + 0 - -3) + -59 - ((6 - 11) + 2)?
-68
-23 + (9 + 1 + (12 + -6 - 12) - -2)
-17
Calculate (-32664 - -32614) + (1 - 0) + -41.
-90
(219 - 236) + (40 - 1) + (5 - 2)
25
Calculate 12 + 14 + (-21 - -4) + 11 + -9.
11
What is the value of 32 + 2 - (1560 + -1515)?
-11
What is the value of (3 + 45 - (-1 - 1)) + (-98 - (-42 - 49))?
43
What is 23 + 27 + -51 + -21 + (1 - -165)?
144
What is 80 + -49 - (36 - -4)?
-9
What is (6 - 16 - (-7 + 8) - (7 - 13)) + -9?
-14
What is the value of (-8 - (-6 + 0)) + 3 - (-5 - -2)?
4
What is (28 - -2) + 2 - ((23 - 41) + 9)?
41
Calculate -25 + 0 + 0 + -147 + 187.
15
Calculate 9 + (-5 - (20 + -25 + 6 + -2)) + 5.
10
-5 - -11 - 8 - (-2084 + 2199)
-117
Calculate 13 + (5 - 10) + 20 + 11.
39
Calculate -2 + -4 - (-28 + -17 + (-6 - -3) + 34).
8
Calculate 6 + (-4 - 4) - (128 - 101).
-29
Calculate (6 - 21 - (60 + -70)) + -19.
-24
What is -28 - (257 + -264 + (0 - -10))?
-31
What is the value of -18 + (-57 - (-39 + 30 + -13))?
-53
Evaluate -10 + 7 + -65 + 17 - -15 - -18.
-18
What is -45 - (19 + -48 + 15 + 34)?
-65
Evaluate 12 + (0 - -3) - (-6 + (-5 - -11)).
15
What is 104 + 3 + -6 + 23 + -39 + (-5 - -27)?
107
What is -4 + 20 + -84 + (-5 - (3 + 0 + -18))?
-58
What is the value of 110 + -16 + (7 - 6) + 30?
125
What is 0 - (1 + 1 + 23 + (741 - 683))?
-83
-421 + 499 - (0 + 0 - 11)
89
Evaluate (273 - 68 - 207) + (1 - -12).
11
Evaluate -53 + (78 - 135) - -121.
11
-4 + 1 + (-12 + 7 - -13) + -1 - 11
-7
Evaluate 6 - ((53 - 59 - (-13 + -4)) + -2 + 10).
-13
Evaluate -38 - ((-7 - -38) + 7).
-76
Evaluate 0 - 40 - (1 + 15 - (-36 - -61)).
-31
Calculate (1 - (-42 + 1 + 1)) + -173 + (-62 - -233).
39
Calculate (-2 - (41 + -8)) + 4 - (-1 + 3).
-33
Calculate -20 - -69 - (124 - 141).
66
-71 - ((-103 - 26) + 70)
-12
What is the value of 39 + (-56 + 24 + -49 - -13)?
-29
(88 - -5) + -325 + 149
-83
196 + -207 + (1 - (-20 - 3)) + -2
11
What is 23 - (-69 - -78) - 13?
1
Evaluate (19 - 2) + 220 + -288 - (6 + 6 + -1).
-62
What is (4 - 2) + (1266 - 1294)?
-26
What is (0 - 137) + 1 - (17 + -64 + (21 - -13))?
-123
What is the value of (130 - (-25 + 39 - 3)) + 1 + (0 - 14)?
106
Evaluate (-104 + 82 - (12 - 0)) + (-25 - -18).
-41
What is (15 - -2) + 0 - (-186 - -188)?
15
Evaluate -36 - (21 + 1 + 53 + -71).
-40
Evaluate (72 - 25) + (81 - 79).
49
What is the value of (-12 - -8) + 58 - ((0 - -1) + (37 - 41))?
57
(0 - (35 + (18 - -10))) + (13 - -3)
-47
28 + 0 - (7 + 1 + (435 - 438))
23
What is -19 + -11 + 17 + 4 + -3 + -32?
-44
What is the value of -1 + -4 + 14 + -42 + -10 + 13?
-30
(50 - -2) + (65 + -58 - (-4 + 10))
53
What is the value of 15 - (-16 + 24) - (-9 + 0 - 33)?
49
What is the value of -2 + (-3 - (-5 + 4) - 5) + -5?
-14
What is 6 - 14 - 1 - (-14 + 3) - 14?
-12
What is -47 + (-78 + 10 - (-37 + 6))?
-84
What is (2 - 21) + 142 + 2 + -6 + 17?
136
-31 - (-5 + -14 + 26 - -3)
-41
What is the value of -17 + 27 + (2 + 3 - (-1 + 24))?
-8
What is -2 + 16 + 25 + 41 + -61?
19
What is the value of -197 + (14 - -173) - (-29 + 1)?
18
(-22 - (-2 + 36)) + 58
2
Calculate 23 - (-5 + -20 + (319 - 277)).
6
Calculate (-8 - -11) + (2 - (3 + -3 + -6 + 2)).
9
Calculate (14 - 17) + 10 + (-16 - -9) + 4 + 1.
5
What is -1 - -5 - (-17 - (-21 + 17 + -5 + 0))?
12
-14 - ((3 - -28) + (2 + 9 - 3))
-53
(3 - (-4 - (8 + -7))) + (-9 - (-7 - 4))
10
What is the value of 27 + (48 - -34 - 92)?
17
Calculate (-5 - -5 - -3 - -8) + -64 + 46.
-7
Evaluate (5 - (-94 + (37 - 12))) + 0.
74
What is the value of 846 + -877 + 0 + 1 + -4?
-34
Evaluate 5 + 6 - 93 - (-62 - -57 - (-4 - -2)).
-79
Calculate (-119 + 78 - -13) + (9 - -14).
-5
12 + 4 + 36 - (4 + 1 + 11)
36
What is 138 + -38 - (11 + 22 + 0)?
67
What is the value of 129 - 172 - (1 + 3) - -23?
-24
Evaluate -9 - (4 - 14 - (-32 + -48 + -16)).
-95
What is the value of -6 - (4 - -57) - (-12 - 1)?
-54
What is ((17 - 78) + 6 - -12) + -7 + -13?
-63
Calculate 19 - (-8 + -5) - (8 + -22).
46
Evaluate 1979 + -1961 - (1 - -5).
12
Calculate -9644 + 9748 - (76 - 1).
29
Calculate 13 - 25 - 2 - 6.
-20
What is 1 + 1 + 7 - (3 - -19 - (-450 + 497))?
34
Evaluate -42 + (48 - 82) + 11 + 48.
-17
(3 - 0) + -1 + -1 + -58 + (0 - -50)
-7
Evaluate (33 - (66 + -32)) + (-3 - 5) - -5.
-4
What is the value of (45 - 10 - 28 - (-8 + 154)) + 1 + 12?
-126
Calculate 15 + -16 + 7 + 20 + -9.
17
Evaluate 12 - (0 - -83 - (314 - 295)).
-52
Evaluate (65 + -77 - (6 - -3)) + 14.
-7
What is the value of 9 - (-8 - (-10 - 118 - -26))?
-85
Calculate -738 + 801 - (70 - 0).
-7
Evaluate (12 - 0) + (-15 + 13 + 0 - -15).
25
What is the value of -27 + (38 - 41) - -36 - -17?
23
What is -10406 - -10391 - (-1 + (1 - -14))?
-29
Calculate 30 - -1 - (1578 - 1508).
-39
Evaluate 9 + -3 + -1 - -58 - 0 - (-52 + 40).
75
Calculate 0 + -10 - (23 + 1 - 1).
-33
What is the value of -205 - -194 - (-156 + 6 + -6 - (-1 - 3))?
141
Evaluate (-78 - 90 - -182) + (-45 - (0 - 3)).
-28
Evaluate (15 - (-17 + -16 + 2)) + -19.
27
(-2 - 4) + (-28 - -97) + -72
-9
5 + (-9 - -16 - (-1 - (-16 - 9)))
-12
What is -9 + (-30 + (-23 - -42) - (-1 - 48))?
29
What is -36 + 32 + 8 + (-5 - -10) + 50?
59
What is the value of -262 + 125 + 15 + 229?
107
Evaluate -10 + 1 + (4 - 13) - 59 - 9.
-86
Evaluate 498 - 532 - (4 - 22).
-16
Evaluate -50 - (12 + (9 - 18)).
-53
What is 31 + (16 - 25) + 57 + -16?
63
Calculate (-61 - 68) + (-1 - -74).
-56
What is -31 - (-33 - -3 - -68)?
-69
What is -58 - ((2 + -18 - -16) + -21)?
-37
What is 56 - (16 + -18 + -1 + 2 + -10 + 20)?
47
0 + -2 - (57 + -10) - (-36 + 24)
-37
Calculate -5 + -3 - (-17 - (-19 - 21)).
-31
What is the value of -11 - 14 - -4 - (-67 + 71)?
-25
What is -19 - (19 - 34 - (9 - 8))?
-3
Evaluate 8 - (-6 - (-3 - (-15 - (-80 + -5)))).
-59
Calculate (-4 - 2 - 35) + (-2 - 4) - (225 + -233).
-39
What is 9 + (14 - (18 - -2 - 16))?
19
Evaluate (-40 - (-9 + -16)) + 57.
42
What is 8784 + -8780 + (0 - -37)?
41
What is the value of 13 + (-33 - (29 - 47)) - 58?
-60
-12 + 11 + -18 + (0 - -10)
-9
Calculate 71 + -22 + (14 - (27 + -26)).
62
Calculate -62 + 30 + 31 - -60.
59
-37 - (58 - (20 - 40 - -11))
-104
What is the value of (621 - 722) + (180 - 3)?
76
(15 + -35 - 4) + 1 + -4 - -3
-24
What is -5 + (-23 - -23) + 49 + 2 + -5 - -7?
48
-54 - (21 - 90) - (-3 - -19 - 4)
3
What is -29 + (0 + 13 + 3 - 5 - (10 - 0))?
-28
What is the value of 245 + -222 - (-12 + 48 + 1)?
-14
What is 192 + (73 - 151) - (2 - 1)?
113
What is -5 - (5 - -41) - (-622 - -610)?
-39
What is (-6692 - -6653) + -1 + 52?
12
10 - ((56 - 130) + 72)
12
Calculate 6 - (-4 + -2 + 10 + 11) - -6.
-3
102 - 78 - 40 - (-1 + -10) - (47 - 3)
-49
-6 + 7 - -3 - (-23 + 36) - -14
5
Calculate 83 + (0 + -8 - (-45 + 62 + -38)).
96
Evaluate 79 + -87 + 18 - 69.
-59
0 + (-3 - 27) + (52 - 39) - 43
-60
What is the value of 275 + -281 - (2 - -1 - (-6 + 15))?
0
Evaluate 18 + -11 + (-1 - -92 - 1) - (66 - 65).
96
What is 19 + (-1